5, what is -1 + 341342?
341341
In base 4, what is 22122 + 13?
22201
In base 7, what is 6 - 24165?
-24156
In base 7, what is 11 - -3056301?
3056312
In base 14, what is -11 - 2725?
-2736
In base 9, what is 65 - 274?
-208
In base 6, what is -10011 + 15?
-5552
In base 5, what is -1431 - 2110?
-4041
In base 16, what is -8 + -f77?
-f7f
In base 10, what is 245 + -5642?
-5397
In base 13, what is 961 - 1b?
943
In base 2, what is -1000110 - 10100001001?
-10101001111
In base 8, what is -373061 - 4?
-373065
In base 3, what is 0 + -11101222000?
-11101222000
In base 9, what is -61142 + 2?
-61140
In base 5, what is 13104302 - 21?
13104231
In base 15, what is -3b + 63?
27
In base 16, what is -a70 + 32?
-a3e
In base 14, what is 842 + -57?
7c9
In base 6, what is -255053 + 35?
-255014
In base 3, what is -211101 + -101020?
-1012121
In base 8, what is -502220 - 0?
-502220
In base 11, what is 7a9 + 1017?
1815
In base 11, what is 247 - -2138?
2384
In base 7, what is 42624603 + 4?
42624610
In base 13, what is 16 - -1b6?
1cc
In base 16, what is 1b01 - -4?
1b05
In base 6, what is 143003 - 20?
142543
In base 5, what is -2 - 140041311?
-140041313
In base 6, what is -15223 + -420?
-20043
In base 9, what is -40 + -27680?
-27730
In base 14, what is -3 - 85a51?
-85a54
In base 4, what is 2202231 + -11?
2202220
In base 14, what is b60 + -a?
b54
In base 2, what is 0 - -101000011110100111?
101000011110100111
In base 6, what is -115241 - 3?
-115244
In base 10, what is 456 - -47?
503
In base 4, what is 303012 - 32?
302320
In base 10, what is 8 + -7079?
-7071
In base 16, what is -4a0e + 1?
-4a0d
In base 12, what is -29093 - a?
-290a1
In base 6, what is 1 + 2242440?
2242441
In base 6, what is 223 - -1351?
2014
In base 2, what is 101110110111011 + -1001?
101110110110010
In base 11, what is -13052 - 51?
-130a3
In base 9, what is -3 + -372320?
-372323
In base 14, what is c71 - -1ca?
105b
In base 13, what is 4 - -42795?
42799
In base 15, what is 1a8c73 + -2?
1a8c71
In base 10, what is 140387 - -6?
140393
In base 5, what is 0 + -3031020?
-3031020
In base 11, what is 3 + 244066?
244069
In base 8, what is 20721222 - 3?
20721217
In base 2, what is 110100111111101 - 101?
110100111111000
In base 16, what is 41a47d - 5?
41a478
In base 16, what is 54e3 + a?
54ed
In base 14, what is -7c60 - 5?
-7c65
In base 8, what is -42 - -200171?
200127
In base 4, what is -10 - -31313311?
31313301
In base 12, what is -1154a + -b4?
-11642
In base 6, what is -11103 + 1520?
-5143
In base 8, what is 467 - -2335?
3024
In base 11, what is 815 - 240?
585
In base 4, what is -10 - 122003?
-122013
In base 9, what is 10473 - 24?
10448
In base 3, what is 112021 + -12021?
100000
In base 14, what is -4 + -d230?
-d234
In base 8, what is 337 - -105?
444
In base 11, what is -1a + 54856?
54837
In base 16, what is -fd1 - -2e?
-fa3
In base 10, what is 283 - 265?
18
In base 4, what is 2101220 - -3?
2101223
In base 16, what is -6 - 1161?
-1167
In base 13, what is -a1c44 + -2?
-a1c46
In base 3, what is 11 - 20?
-2
In base 2, what is 11 - -11010101010001111?
11010101010010010
In base 9, what is 18 - 3014?
-2885
In base 12, what is 710 + 33b?
a4b
In base 7, what is 145312 - 15?
145264
In base 4, what is -132 - -2102120?
2101322
In base 5, what is -1042220 + 10?
-1042210
In base 9, what is 3614 - 32?
3572
In base 2, what is 10011001 + 100000100?
110011101
In base 6, what is -231102241 + 1?
-231102240
In base 11, what is 1738a8 - 4?
1738a4
In base 4, what is 10 - -10221103?
10221113
In base 13, what is -16a9 + -19?
-16c5
In base 2, what is 100 - 1101010101?
-1101010001
In base 14, what is 62705 - 2?
62703
In base 12, what is 28 + -6290?
-6264
In base 4, what is 3 - -2133331?
2200000
In base 10, what is -9822377 - -5?
-9822372
In base 15, what is -c + -d5292?
-d529e
In base 9, what is 252470 - 0?
252470
In base 15, what is -261a + -16?
-2631
In base 7, what is 145 + 1616?
2064
In base 3, what is 22 + -11212011211?
-11212011112
In base 7, what is -162 - 2610?
-3102
In base 10, what is 836 + -269?
567
In base 3, what is 2011020000120 - -10?
2011020000200
In base 7, what is -5 + -66644?
-66652
In base 8, what is -373413 - -3?
-373410
In base 2, what is 11 + 1100001000001110?
1100001000010001
In base 15, what is -1a - -602?
5d7
In base 4, what is -20000 - -30?
-13310
In base 9, what is 1178 - 1374?
-185
In base 11, what is 1137 - 471?
776
In base 4, what is 2203030322 + -1?
2203030321
In base 4, what is 3 + 3211311?
3211320
In base 9, what is -216818 + 0?
-216818
In base 16, what is -55c + -47?
-5a3
In base 9, what is -4 + 7021?
7016
In base 8, what is 421007 - -7?
421016
In base 15, what is -17a - 0?
-17a
In base 10, what is 2 - 643?
-641
In base 4, what is -10 - 11323100?
-11323110
In base 14, what is 1210d + 3?
12112
In base 7, what is -421253 - -1?
-421252
In base 15, what is d + 2b4?
2c2
In base 5, what is -432111 - 102?
-432213
In base 16, what is -3 + -7f5?
-7f8
In base 16, what is 11 - 16c0?
-16af
In base 7, what is -44 + 163?
116
In base 9, what is -20 - 7842?
-7862
In base 11, what is -18 - -280?
263
In base 2, what is -100000100001001 + 0?
-100000100001001
In base 15, what is -d3 + -38b3?
-3996
In base 15, what is -10 - -578c?
577c
In base 11, what is -117 + 1349?
1232
In base 10, what is -442 + -113?
-555
In base 15, what is -ed1 - 34?
-1015
In base 5, what is 1230 + -14101?
-12321
In base 8, what is -370 - -127?
-241
In base 11, what is -4 - -965a?
9656
In base 14, what is 3d - -19c?
1db
In base 6, what is -304501 + 354?
-304103
In base 4, what is -101 + 10113122?
10113021
In base 10, what is 3 - 14430?
-14427
In base 8, what is 132762 - -2?
132764
In base 15, what is -2cb56 + -3?
-2cb59
In base 14, what is -cd85 - 17?
-cd9c
In base 3, what is 1220211 + 1000?
1221211
In base 10, what is -957 + -1602?
-2559
In base 11, what is -31 + 1413?
1392
In base 11, what is -473 - -56?
-418
In base 3, what is 100010100 - -20212?
100101012
In base 14, what is -1081a7 + -1?
-1081a8
In base 8, what is 1436344 - 0?
1436344
In base 4, what is -23001 + -1011033?
-1100100
In base 14, what is -48 + 17d3?
1789
In base 2, what is -1100010001000001111 + 1?
-1100010001000001110
In base 12, what is -10413 - -11?
-10402
In base 16, what is 70b + -31?
6da
In base 12, what is -1 - 958a?
-958b
In base 12, what is -590b + 26?
-58a5
In base 4, what is -3 + 22313?
22310
In base 9, what is 31 - -1150?
1181
In base 15, what is -d2b9 + -3?
-d2bc
In base 6, what is -1 + -25450553?
-25450554
In base 6, what is -23 - 112002?
-112025
In base 9, what is 5146820 - 0?
5146820
In base 16, what is 3 - 3f9f?
-3f9c
In base 12, what is 4b + -140?
-b1
In base 11, what is -96220 - -4?
-96217
In base 14, what is 1c - 3a?
-1c
In base 16, what is 871 + 27?
898
In base 10, what is -7405 + -5?
-7410
In base 5, what is -10204 - 303?
-11012
In base 2, what is -101010110101000010 - 1?
-101010110101000011
In base 15, what is ae3d8 - 7?
ae3d1
In base 12, what is -5a617 - -15?
-5a602
In base 12, what is 146 + a?
154
In base 11, what is -5 + -3382?
-3387
In base 2, what is 101000111 + -11010?
100101101
In base 13, what is -4458a - 5?
-44592
In base 8, what is -4 + -1637301?
-1637305
In base 14, what is 9 - -24ad?
24b8
In base 5, what is -33 - 30404?
-30442
In base 7, what is 365650 + -2?
365645
In base 3, what is -21022202 - -11220?
-21010212
In base 6, what is -3 - 4113053?
-4113100
In base 4, what is -2 - -1100323303?
1100323301
In base 3, what is -21011 + -10121?
-101202
In base 5, what is -20221 + 1020?
-14201
In base 14, what is -28d0 + -1?
-28d1
In base 3, what is 21211 + -11212?
2222
In base 16, what is 3 + -149e23?
-149e20
In base 9, what is 3714 - -3?
3717
In base 11, what is -4a1 - -39?
-463
In base 16, what is 6b + -b8?
-4d
In base 14, what is 5 - -bc94?
bc99
In base 9, what is 6438 + -531?
5807
In base 8, what is 0 - 34721?
-34721
In base 12, what is 1599 - -5a?
1637
In base 9, what is 441 + 166?
617
In base 2, what is -1010100101001 - 101?
-1010100101110
In base 10, what is -45 + 783?
738
In base 4, what is -223 - 1301132?
-1302021
In base 8, what is -1370 - 1367?
-2757
In base 13, what is 2 + 164093?
164095
In base 9, what is -238111 - -2?
-238108
In base 15, what is -2 - 273c5?
-273c7
In base 15, what is 64b3a + -4?
64b36
In base 2, what is 1000011000000 + -10011?
100